4). Calculate the greatest common factor of b and 1797.
3
Let d(l) = 6*l + 160. Let g(j) = -j**2 + 5*j + 26. Let u be g(7). Let h be d(u). What is the greatest common divisor of 29 and h?
29
Suppose -q + 48 = 23. Suppose 0 = 3*o + 2*o - 4*k - 30, -5*k = q. Let i be 516/24 + (-1)/o. What is the highest common factor of i and 105?
21
Let z(q) = 26*q**2 - 7*q - 6. Let i(a) = 12*a**2 - 3*a - 2. Let f(r) = 5*i(r) - 2*z(r). Let n be f(0). What is the greatest common divisor of 2 and n?
2
Let z be (1824/95)/(1/(-15)). Let i = 290 + z. What is the greatest common divisor of i and 274?
2
Suppose 5*f + 1261 = 76. Let i = -84 - f. Suppose -59 = -10*m + 111. Calculate the greatest common divisor of i and m.
17
Let c be -7*(-21)/(-14)*(-4)/7. Suppose 0 = -c*l + 20 + 52. Calculate the highest common divisor of l and 76.
4
Let s(b) = b**3 - 2*b**2 - 45*b + 238. Let r be s(5). Calculate the greatest common divisor of r and 3608.
88
Let k(d) = 5*d - 3. Let v be k(3). Suppose 7*w + v = -16. Let s be w/((-315)/78 + 4). Calculate the highest common factor of 13 and s.
13
Suppose 0 = 205*i + 240*i - 29815. Calculate the greatest common factor of 5561 and i.
67
Let g be 12 - ((-2)/(-1))/1. Let t(j) = -51*j - 30. Let x be t(2). Let d = 212 + x. Calculate the highest common divisor of d and g.
10
Let y(g) = 11*g**2 - 2*g - 6. Let c be y(2). Suppose -r - c + 38 = 0. Suppose -15*a + 88 = -r*a. Calculate the greatest common factor of a and 72.
8
Let l(m) = -m**3 - 17*m**2 - 69*m - 68. Let z be l(-12). What is the greatest common factor of 18 and z?
2
Suppose -163 = 40*r - 41*r. Suppose 13*j - 149 - r = 0. Calculate the highest common divisor of j and 9.
3
Let f be 2/(-3)*27/(-6). Suppose -f*d + 13 = -s, 4*s + 20 = 4*d - 0*s. Let t = d + 87. What is the greatest common factor of t and 26?
13
Let k be 838/4 - (-9 + (-170)/(-20)). Let b = 232 - k. What is the greatest common divisor of 506 and b?
22
Let g(u) = 198*u**2 - 122*u + 664. Let f be g(6). What is the greatest common factor of 60 and f?
20
Suppose 0 = -4*t + 2*d - 7*d + 1792, 3*d = 5*t - 2240. Suppose -t = 2*c - 10*c. What is the highest common factor of c and 4?
4
Let n be 2274/27 + (-8)/36. Suppose 4*t = 5*z - 1141, 4*z = 5*t + 222 + 689. Suppose -15*s - 49 + z = 0. Calculate the highest common divisor of s and n.
12
Let i = -289 + 300. Suppose 32 = 4*k + 3*s, -i*k - 40 = -15*k - 5*s. What is the highest common divisor of 45 and k?
5
Let z be -523*1/(-3) + 915/549. Calculate the greatest common factor of 748 and z.
44
Let j(u) = u**3 + 10*u**2 - 32*u - 190. Let v be j(-11). Suppose b + 3*d - 179 = 0, -3*b = 5*d - 427 - 90. Calculate the greatest common factor of v and b.
41
Let w be 20 + 5 + 13 - 12. Calculate the greatest common factor of w and 2691.
13
Suppose 63*q + 2149 = 13804. Calculate the greatest common divisor of 12950 and q.
185
Suppose -5*f = -2*x + 88, 5*x - 5*f - 249 + 29 = 0. Let p be ((-5)/6)/((-95)/380)*(-2574)/(-15). What is the greatest common divisor of x and p?
44
Let l be (23/(-46))/((-2)/(-24)). Let a(f) = -2*f - 8 - 3*f - 3*f + 4*f. Let v be a(l). What is the greatest common factor of v and 160?
16
Let j(k) = 11*k + k**3 + 6*k - 8*k + 3*k + 16 - 8*k**2. Let m be j(6). Let f(s) = -78*s + 2. Let l be f(-1). What is the highest common factor of m and l?
16
Let c = 6 + 44. Let w = c + -55. Let n(y) = y**2 + 5*y + 2. Let m be n(w). Calculate the greatest common divisor of m and 1.
1
Suppose 9*n + 0*n = 90. Let a be (2 - 14/6)*(n - 28). Calculate the highest common factor of 174 and a.
6
Suppose -5*d + 28 + 407 = x, 3*d = -2*x + 254. Calculate the greatest common divisor of 12188 and d.
44
Let i be (19/3)/((-4)/12). Let m = i - -57. Let r = 48 - m. What is the greatest common divisor of 70 and r?
10
Suppose 3*f + 4*a - 2468 = 0, -9*f = -10*f + a + 825. Let x = 838 - f. What is the highest common divisor of x and 224?
14
Suppose 35*a = 393*a - 121004. Calculate the highest common divisor of 4225 and a.
169
Suppose -4*i - 254 = 5*m, 5*i + 7*m + 307 = 6*m. Let n be i/(-5) - (-64)/80. What is the highest common divisor of n and 377?
13
Suppose -112*p + 110*p + 1174 = j, -4*j = 4*p - 2336. What is the highest common factor of 1357 and p?
59
Let l be ((-2 - -2) + 1)/1 + 1. Suppose 10 = 7*q - l*q - j, j = 0. What is the greatest common divisor of q and 8?
2
Let d(w) = 2*w**2 - 16*w + 34. Let n be d(8). Let a = 97 + -80. Calculate the greatest common divisor of n and a.
17
Let b = 30194 + -13618. Calculate the highest common divisor of b and 259.
259
Let k(h) = 1690*h**3 - 4*h + 4. Let q be k(1). Suppose q + 6410 = 15*f. Calculate the greatest common divisor of f and 20.
20
Let n(x) = -2*x**2 + 8*x - 6. Let y be n(3). Suppose y = -8*c - 17 + 49. Suppose 56 = c*k + 3*k. Calculate the greatest common factor of 40 and k.
8
Let p(g) = -169*g**3 + 15*g**2 - 2*g - 2 + 170*g**3 - 14. Let x be p(-15). Let s(r) = -r + 18. Let a be s(x). Calculate the highest common divisor of 8 and a.
4
Suppose -2255 = -9*n + 2065. Let x = n - 468. Suppose 2 + 1 = -c, 0 = 3*p - 4*c - 156. Calculate the highest common factor of p and x.
12
Let m be ((-22336)/(-48))/((-13)/(-351)). What is the greatest common divisor of m and 36?
36
Let j be (1 - (-3 + 1)) + 81. Let z = -71 + j. What is the greatest common divisor of z and 26?
13
Let c = -1948 + 2012. What is the highest common factor of 736 and c?
32
Suppose -682*l - 65 = -681*l. Let q(z) = 9*z**2 - 7*z + 6. Let i be q(4). Let y = l + i. What is the highest common divisor of y and 19?
19
Let i(n) = 260*n + 1680. Let s be i(-6). Calculate the highest common divisor of s and 648.
24
Suppose 22*n = 20*n + i + 35, 5*n - 65 = -5*i. What is the highest common factor of n and 4168?
8
Suppose 10*i - 8*i = 13*i - 8624. Calculate the greatest common factor of i and 624.
16
Let c be 680 + (11 - -8 - 27). What is the highest common divisor of c and 1932?
84
Suppose -2*b = -k + 7 - 23, 0 = -b + 3*k - 2. Suppose 3*z = 5*p - 200, 2*p - 4*z = -518 + 598. Calculate the greatest common factor of p and b.
10
Suppose -18*x + 46 + 62 = 0. Suppose -16 = -x*b + 56. What is the highest common divisor of 132 and b?
12
Suppose 137*h - 65*h = 65*h. Suppose -4*y - 2*z + 1490 = z, h = -2*y - 5*z + 752. Calculate the highest common factor of 53 and y.
53
Let y = 31216 - 31180. Calculate the greatest common factor of 204 and y.
12
Let b(a) = 5*a**3 - 3*a**2 - 3*a + 4. Suppose 6*f - 5 = -17. Let t be b(f). Let z be 2 + -6*1*(12 + t). What is the highest common factor of z and 14?
14
Let o = -670 + 1944. Calculate the greatest common factor of 78 and o.
26
Suppose -3*s - 12 - 10 = -d, -4*s = 16. Let f(q) = 2*q**2 + 35*q + 62. Let u be f(-18). What is the highest common divisor of d and u?
10
Suppose -119282 + 148893 = 258*l - 197429. Calculate the greatest common divisor of 144 and l.
16
Let v(w) = -204*w - 3455. Let a be v(-17). Suppose 5*h + 5*z - 1095 = 0, -2*z - z - 6 = 0. What is the highest common factor of a and h?
13
Let a(t) = -4*t - 8. Let w be a(-3). Suppose 3*b = -w*g + 63, -5*b + 100 - 27 = 4*g. What is the highest common divisor of g and 2?
2
Suppose -5*j + 445 = 4*x, -5*x = -216*j + 212*j - 546. What is the greatest common divisor of 583 and x?
11
Let q(f) = -f**2 + 11*f - 8. Let s be q(5). Let n(v) = 400*v - 8. Let t be n(2). Suppose t = 18*o - 9*o. What is the highest common factor of o and s?
22
Let y(k) = 58*k**2 - 185*k - 183. Let l be y(-1). What is the greatest common divisor of 195 and l?
15
Let b(k) = -22*k + 34. Let z = -10 + 7. Let g be b(z). What is the highest common factor of 50 and g?
50
Let r be (-33)/(-429) + 852/78. Let g(m) = 6*m + 2*m**2 - m**2 - 3*m - 11. Let z be g(r). Calculate the highest common divisor of 13 and z.
13
Let r(i) = 17*i + 1237. Let n be r(-72). Calculate the greatest common factor of 637 and n.
13
Let g(q) = -q**2 + 16*q + 18. Let o be g(14). Let f be (360/(-210))/(-1 + 638/644). Calculate the highest common factor of f and o.
46
Suppose -8 = -4*v - 4. Let i be (-6)/(-3) + -1 + 18. Suppose i = 2*f + v. What is the greatest common divisor of 6 and f?
3
Let l be 11/(1155/14) - (-775074)/45. What is the highest common divisor of l and 8?
8
Suppose 0 = 4*k, k - 1233 + 888 = -3*j. What is the greatest common divisor of j and 2645?
115
Let w(y) = -y**3 + 11*y